ime number?
False
Let x(v) = -18*v - 162. Let m be x(-9). Let p(d) = 22*d + 3233. Is p(m) a composite number?
True
Let w = -227840 + 356442. Is w composite?
True
Let y(i) = -11*i + 4563. Is y(16) prime?
False
Is (101193/(-801))/(1 + (-2876)/2874) composite?
True
Suppose 14*m - 21*m + 1832515 = -943426. Is m a prime number?
True
Suppose 5*x - 345 = -4*l + 5526, -x - 5901 = -4*l. Suppose 0 = 21*b - 6*b - 825. Suppose b*r - 57*r = -l. Is r prime?
False
Let s be 5/7 - ((-48)/(-28) + -2). Is ((-2)/s - (-40)/16)*2722 a composite number?
False
Suppose 11*l - 18333 - 222710 = 0. Is l composite?
True
Suppose 14*t - 2128712 = -69690. Is t a composite number?
False
Suppose -19*d = 5*d - 5*d - 77045. Is d a prime number?
False
Let k = -31 + 34. Let v be 4 - (9/k + 1). Suppose 0*x - x + 5*q + 288 = v, -295 = -x - 2*q. Is x a prime number?
True
Suppose -19*t - 2480258 = -9543185. Is t prime?
False
Suppose 18*w - 23*w - 4550804 = -43*w. Is w a composite number?
True
Let g(v) = 4*v**2 + 1. Let j(x) = 6914*x**2 - 13*x - 16. Let p(s) = 4*g(s) + j(s). Is p(-1) composite?
True
Let z = 43380 + -15439. Is z a composite number?
False
Suppose f - 2*y + 5 = 2*y, 10 = -2*f - y. Let n(d) = d**3 + 3*d**2 - 11*d - 3. Let u be n(f). Suppose 0 = u*r + 203 - 1201. Is r prime?
True
Suppose 3*c - 369082 - 488695 = -4*y, -5*y - 4*c + 1072223 = 0. Is y prime?
True
Is 1993/((-513)/261 + 2) composite?
True
Suppose -16*r = -17*r + 15. Let g = -93 - r. Is 48/g - 16982/(-18) a prime number?
False
Let y(b) = -433*b + 64. Let j be y(-18). Let q = j + -3021. Is q composite?
True
Let w(g) = 4 + 4 + 9*g**2 + 14*g**2 + 23*g - 12*g**2 + 5. Is w(10) a prime number?
False
Suppose -40*j + 1767023 + 2889897 = 0. Is j a composite number?
False
Let p = -67 + 77. Let y(b) = b**3 + 8*b**2 - b + 39. Is y(p) a prime number?
False
Let j(v) = 36*v**3 + 2*v**2 + 2*v + 2. Let u be j(3). Let r = u - -1325. Suppose y - 2319 = -b, y + y = -b + r. Is b a composite number?
True
Suppose m + 26 = -2. Let d = 40 + m. Is 9030/36 + 2/d prime?
True
Let z(j) be the second derivative of 116*j**3/3 - 201*j**2/2 - 15*j + 5. Is z(16) composite?
False
Let f(k) = 15*k**2 - 2. Let p be f(-4). Suppose 0 = i - w - 1436, i - 1671 + p = -2*w. Let c = i + -878. Is c a prime number?
True
Let f(t) = -3010*t**3 - 3*t**2 - 41*t + 17. Let o(c) = -1004*c**3 - c**2 - 14*c + 6. Let a(g) = -4*f(g) + 11*o(g). Is a(3) a prime number?
False
Let k(w) = -1147*w - 116. Let c = -194 - -187. Is k(c) a composite number?
True
Suppose 2*z - 3*d = -5*d + 240, -5*z = 3*d - 606. Let p = 155 - z. Suppose p*j + 8732 = 36*j. Is j a composite number?
True
Suppose -3*i + 76 - 13 = 0. Let v(m) = 2*m**3 - 27*m**2 + 24*m + 50. Is v(i) prime?
False
Suppose -5*n - 3*x + 26232 = -194024, 132147 = 3*n + 4*x. Is n prime?
True
Suppose 128*q = 32*q - 51*q + 10647357. Is q a composite number?
False
Let f(g) be the second derivative of 21*g**4/4 - 5*g**3/3 + 97*g**2/2 - 254*g. Is f(8) prime?
True
Let n = 1023536 + -647637. Is n a prime number?
True
Let w = -74 - -77. Suppose i + 0*i - 3*r = -4, 0 = 5*i - w*r - 16. Suppose -i*d + 133 = -4*d. Is d composite?
True
Let f = -317 - -320. Is 6/f*31170/20 a prime number?
False
Let f = -69393 - -208562. Is f prime?
True
Suppose -5*t - 2*t = -49. Let q = 12 - t. Suppose 0 = q*n + n - 1524. Is n a composite number?
True
Let l(q) = 1462*q + 985. Is l(21) composite?
False
Let i = -48 + 46. Let j be (-16)/(-12)*-6*1/i. Suppose 976 = 2*k + 5*n, j*n = k + 154 - 655. Is k composite?
True
Let n be (-510)/(-16) + (141/(-24) - -6). Let a be -1*(-2 - (-46 + 2)). Let g = n - a. Is g prime?
False
Suppose 51*w - 13444 - 105539 = 0. Is w composite?
False
Let h = -4375 + -370. Let c = 7136 + h. Is c prime?
False
Let b = -292962 + 540123. Is b composite?
True
Let k(i) = -17*i - 30*i - 91 - 10*i. Is k(-26) a prime number?
False
Let j = 3937208 - 2386803. Is j prime?
False
Suppose 9828 = 7*t + 2*t. Let k = 10271 - t. Is k a composite number?
True
Suppose -1 + 5 = -2*t. Let a(h) = 4*h**3 - 18*h**2 + 9*h - 10. Let p be a(4). Is (-35850)/(-45) + t/p composite?
False
Let w = 119 + -110. Suppose w*k - 15*k = -11538. Is k prime?
False
Let n = 556 + -571. Is -3 + 19185*(-10)/n composite?
True
Suppose 0 = -4*u + 4*d + 6492, -3*u + 0*u + 2*d = -4872. Suppose j - 1080 = -2*k, 29*j = 33*j + 3*k - 4340. Let g = u - j. Is g prime?
False
Let p(w) = 7395*w - 509. Is p(2) prime?
True
Suppose -2*f + 5 = -9. Let z be (-2)/(-6)*(19 - f). Suppose 3 = -z*c + 951. Is c composite?
True
Is 7/63 + 233656/18 prime?
False
Let w = -2989 - -5232. Is w prime?
True
Let n(q) = 2*q - 3 - 3 + 2649*q**3 - q**2 + 3874*q**3 + 5. Is n(1) a prime number?
False
Suppose 40139 = -3*i + 4*i - o, -i = 2*o - 40151. Suppose -c = -5*t + t + i, -3*t - c + 30116 = 0. Is t composite?
False
Let b be ((-50)/15)/(2/(-3)). Let y(o) = -650*o - 33. Let q(h) = -216*h - 11. Let j(g) = 17*q(g) - 6*y(g). Is j(b) composite?
False
Suppose 3*o = 3*f + 4*o - 136, 0 = 4*f + 3*o - 178. Let r = f + -42. Suppose 3148 = -r*x + 8*x. Is x composite?
False
Let b(r) = 0*r - 5*r + 1 - 85*r**3 + 117*r**2 - 114*r**2. Is b(-4) composite?
True
Let o(w) = -774*w + 2. Let b be o(-2). Suppose -3522 = -m - d + 791, 0 = -4*d + 20. Suppose 0 = -2*v + m - b. Is v a composite number?
True
Let l = -4 - -6. Let i(o) = -2*o**2 + 4*o - 2. Let j be i(l). Is 2 + -5 + (-154)/j a prime number?
False
Let j = 35 + -34. Let u be (-415)/j*(-2 + -7 + 8). Suppose 5*k - u = 30. Is k composite?
False
Let k be (2/(-6)*10)/((-6)/9). Suppose 2773 = 5*j - 2*v + 3*v, -4*v = k*j - 2782. Is j/6 - (-5)/(75/10) prime?
False
Let z(j) = 2*j**2 - j. Let v be z(0). Let n = 531 + -529. Suppose -p + n*p - 907 = v. Is p a composite number?
False
Suppose -4*x + 435 = -5*d, 7*x + 5*d - 115 = 6*x. Suppose 0 = 113*k - x*k - 573. Is k prime?
True
Suppose 4*v - 200 - 1812 = 0. Let z = v + 198. Is z a composite number?
False
Suppose 4*z = -5*l + 151533, -2*z + 110167 = 5*l - 41362. Let m = l + -14998. Is m prime?
True
Let s(x) = -2200*x + 2309. Is s(-38) composite?
False
Let p(l) = -l**2 - l - 61. Let u be p(0). Let g = -63 - u. Is 4151/14 + 3/g composite?
True
Let z = 283 - 285. Is ((-1707700)/(-150))/(z/(-3)) composite?
False
Suppose -3*k + 12 = -3*n, -k + n - 6*n + 4 = 0. Is ((33627/(-12) + 3)*k)/(-1) composite?
False
Suppose -1 = -2*f + 5, n = 3*f + 388. Let q = n + -6. Is q a composite number?
True
Let a(f) = -2*f**3 - 11*f**2 + 5*f - 8. Let g be a(-6). Let h be 359112/88 - g/11. Suppose 0 = -u - 5, -3*u + h = 2*s + 2*u. Is s composite?
False
Let v(p) = 70*p**2 - 596*p + 127. Is v(-37) prime?
False
Let s(x) = -583*x - 2433. Is s(-22) prime?
False
Suppose -7*j = -0*j - 14. Suppose h - 2*h + 2 = -j*z, 0 = -3*h + 4*z + 8. Suppose -2*k + 6289 = -3*n, -h*k + 5*n + 0*n + 12573 = 0. Is k composite?
False
Let k(g) = -g**2 + 14*g - 36. Let m be k(7). Suppose -18*j = -m*j - 13175. Suppose 5*n = 4*p - 581 - 2932, -3*p = -4*n - j. Is p composite?
False
Let q(p) = -29540*p - 5967. Is q(-59) a prime number?
False
Suppose 4*z = -14*z + 36. Suppose 0 = -4*j - 2*u + 514, -5*j - 5*u + z*u + 640 = 0. Is j composite?
False
Suppose 15*k = 13*k - 1934. Let m(x) = -x**3 - 16*x**2 + 20*x + 39. Let h be m(-17). Is h/(-18) + k/(-3) prime?
False
Is (0 - (-1 + 106824))/((-28)/532*19) prime?
True
Is 724740/35 - 16/(-112) a prime number?
True
Let k be (-30)/(-120) - 11/(-4). Suppose -k*f = -19 - 35. Suppose 0 = -f*m + 5*m + 17498. Is m composite?
True
Let c(d) = d**3 - 12*d**2 + 28*d - 7. Let i be c(9). Suppose i*w - 5*j - 136 = 0, -85 = -3*w - 2*j + 100. Let x = 692 + w. Is x prime?
False
Let a be (-33)/(-3)*(-1 - 0). Let s(g) = 4*g**2 + 8*g**2 - 10*g**2 - 5. Is s(a) a prime number?
False
Suppose -20*t + 2016903 = -0*t + t. Is t prime?
True
Suppose -72*g - 10696420 = -92*g. Is g prime?
False
Suppose -2*w = -8033 - 3651. Suppose 2*f + 4*i = w, -2*f + 8*i - 4*i = -5818. Suppose -2*a + 7*a - f = 0. Is a prime?
False
Is 67/((-2680)/160) + (-827305)/(1 - 2) a composite number?
True
Let q = -6 - 1. Let l be (-58)/(-14) + 1/q. Is (29/(-3)*-7)/(l/12) composite?
True
Let b(w) = 457*w + 12. Suppose -2*x - 7 = 3*u, -2 = -x + 2. Let h be b(u). Let r = -1200 - h. Is r a composite number?
True
Let l(k) be the third derivative of k**6/120 - k**5/4 + k**4/12 - 5*k**3 - 44*k**2. Let v be l(15). Let o(z)